ighest common divisor of 30 and l?
30
Let b be (-32)/(-7) - 656/1148. Suppose -22 = -5*o + 8. Suppose -o*r + 24 = -2*r - 4*k, b*k = -5*r + 75. What is the highest common factor of 121 and r?
11
Let c = 34152 + -15168. Calculate the greatest common factor of 168 and c.
168
Suppose -542*q = -624*q + 2050. Let r be (-6)/(-1*3) - -48. Let w be r/((-1)/(2/(-1))). What is the greatest common divisor of w and q?
25
Let h(o) = -o + 4. Let c be h(-8). Suppose 4*z + 48 = 3*b - 56, -176 = -5*b + 4*z. What is the highest common factor of b and c?
12
Suppose -5*p = 5*x - 23315, 7*x + p = 3*x + 18646. Calculate the greatest common divisor of 177 and x.
59
Suppose -5*q - 5*d + 23 = -22, -2*q + 42 = -4*d. What is the greatest common factor of 4173 and q?
13
Let c = 453 + 1468. Calculate the highest common divisor of c and 113.
113
Let f be 9/(-21) + 996/(-28). Let j be f/20*190/(-1). Calculate the greatest common divisor of j and 18.
18
Let c be (95/38)/((-10)/(-56)). Suppose 5*g + 0*i = -3*i - 930, 5*i - 25 = 0. Let l be 8/(-6)*g/2. Calculate the highest common divisor of l and c.
14
Let j = 3405 - 3184. Calculate the greatest common factor of 425 and j.
17
Suppose -5*t = -n + 8, 3*n = t + 23 - 13. Calculate the highest common divisor of n and 4551.
3
Suppose 0 = w - 24 + 9. Suppose 0 = -4*m + 3*q - 22, -4*m - 18 = -3*q + 2*q. Let a be 611/39 - m/(-6). Calculate the greatest common factor of w and a.
15
Let n = 2389 - 2039. Calculate the greatest common divisor of 98 and n.
14
Let g be 13 + 1*(-1)/(-1). Let s = 262 - -43. Let z = -263 + s. What is the highest common divisor of z and g?
14
Suppose -5*z + 31*t - 33*t = -764, -5*t - 715 = -5*z. Calculate the greatest common factor of 1290 and z.
30
Let z = 12646 - 12598. Calculate the highest common factor of z and 1696.
16
Suppose -3*a = 249 + 30. Let z(j) = 89*j + 35. Let b be z(-1). Let i = b - a. Calculate the greatest common divisor of 26 and i.
13
Let n = -6929 - -7084. What is the greatest common divisor of n and 1209?
31
Let h(c) = -1026*c - 12235. Let a be h(-12). Let i(u) = u + 1. Let v be i(1). Suppose v - 23 = -3*z. What is the highest common factor of a and z?
7
Suppose 7*z - 2*z = -4*u + 943, -7*u = 4*z - 1636. Calculate the highest common divisor of 783 and u.
29
Let k(x) = -5*x**2 + 544*x + 578. Let c be k(108). What is the greatest common divisor of c and 190?
10
Let v = 44 + -17. Let y = 458 - 377. What is the highest common factor of v and y?
27
Suppose 4*l = 4*d + 168, 16*l - 79 = 14*l - 3*d. Suppose -15*u = -334 - l. Calculate the greatest common divisor of u and 75.
25
Let t(m) = 79*m - 1252. Let a be t(25). Calculate the greatest common factor of a and 4579.
241
Let f = -443049 + 443084. Let o = 10 + 4. What is the greatest common divisor of o and f?
7
Let w = 690 + -398. Suppose s = -43 + w. Let y = s - 105. What is the greatest common divisor of y and 18?
18
Let p(x) = 25*x - 1. Let b be p(1). Suppose 208*i - 1983 = 3009. What is the highest common factor of b and i?
24
Suppose -35 = -11*v - 109 + 239. Calculate the greatest common factor of 915 and v.
15
Let d(x) = -8*x + 6. Let l(f) = -9*f + 6. Let i(v) = 6*d(v) - 5*l(v). Let n be i(-3). Let y = 21 + n. What is the greatest common divisor of 12 and y?
12
Let f(d) = 7*d**2 - 332*d + 303. Let o be f(57). What is the highest common factor of o and 36?
18
Let n = 429907 + -429865. Let m be 752/14 + (-2)/(-7). Calculate the greatest common factor of n and m.
6
Suppose 7*u - 1380 = 5211 - 1488. Calculate the greatest common divisor of u and 12.
3
Suppose t - 628 = -5*r, 4*r - 450 = 3*t + 41. Let q = -12566 - -12641. What is the greatest common divisor of q and r?
25
Suppose -6*x + 13542 - 2652 = 0. Suppose 11*h - x = 10*h. What is the highest common factor of h and 15?
15
Suppose -26 = -66*o + 53*o. Suppose 4*p - p - 36 = -3*w, 4*p - o*w - 72 = 0. Suppose 0 = 2*x - 4*x + 352. What is the greatest common factor of x and p?
16
Let h = -247 - -480. Let q = 242 - h. What is the highest common divisor of q and 1?
1
Let y(x) = 0*x - 142 + 32*x - 40 - 26*x. Let b be y(31). Calculate the greatest common divisor of b and 50.
2
Let d = 1587 + -1061. Suppose -1248 = -4*v - 3*r, -5*r - d + 191 = -v. Calculate the highest common divisor of 35 and v.
35
Let k be -2 - (-7)/((-21)/(-30)). Let d(i) = 163*i - 12. Let l be d(k). Let c be ((-4)/(8/(-15)))/(57/l). Calculate the greatest common divisor of 34 and c.
34
Let j = -9175 - -29375. What is the highest common divisor of j and 800?
200
Let g(l) = 4*l**2. Let p be g(3). Let q = -95 - -95. Suppose q*u - 2 = -2*i - 2*u, 4*u + 12 = 0. What is the greatest common factor of i and p?
4
Suppose 31*b - 292848 = 68240. Suppose 32*v - b = 24*v. Calculate the highest common factor of v and 91.
91
Suppose -250 + 1046 = 10*u - 44. What is the greatest common divisor of 812 and u?
28
Suppose 15*w = 47*w + 130*w - 1944. Calculate the greatest common divisor of w and 284.
4
Let q = -25 - -48. Let c = 154 + -149. Suppose 0 = -c*i + q + 32. What is the greatest common factor of i and 33?
11
Let n be (1/(-2))/(9/(-3726)). Let k be 76/(-19)*(-4)/((-48)/(-27)). Calculate the greatest common factor of n and k.
9
Let x(w) = 3*w**3 + w**2 - w - 2. Let d be x(2). Let m be (32/(-22))/(6/(-33)). Suppose 396 = m*k + 3*k. What is the greatest common divisor of k and d?
12
Let o(s) = s**3 - 76*s + 19. Let c be o(-8). Calculate the highest common divisor of c and 276.
23
Suppose -44 = -4*a + 156. Suppose -2391 = -387*o - 1035 + 8319. Calculate the highest common divisor of o and a.
25
Suppose 0 = -3*u + 17 + 40. Let a(n) = -3*n**2 + 15. Let i be a(-3). Let w be ((-42)/(-35))/(i/(-760)). Calculate the highest common factor of u and w.
19
Let a(b) = 10*b + 23. Let v be a(9). Suppose -112*p - 18 = -v*p. Suppose -4*r + 101 = -19. What is the highest common factor of r and p?
6
Suppose -82*o + 81*o + h = -12, 2*o - h - 19 = 0. Calculate the greatest common factor of 11053 and o.
7
Suppose -2*a + 2*z + 68 = 4*z, -3*a = z - 96. Let m = a + -26. Suppose -g + 126 = -3*t, 2 = -m*t + 12. What is the greatest common factor of g and 12?
12
Suppose 3 = u + 52. Let b = -39 - u. Suppose -3*m - 2*i + 55 = 0, 4*i + b = m + 1. Calculate the greatest common factor of m and 68.
17
Let f = 11810 + -11588. What is the highest common divisor of f and 53946?
222
Let o be (-210)/(-18)*(-42)/(-49). Calculate the highest common divisor of o and 50.
10
Suppose 45 = -10*s + 25*s. Suppose -5*n = -2*f - 76, f + 42 = 3*n - 2*f. Suppose 5*a - n + 156 = x, -9 = s*a. What is the highest common factor of 25 and x?
25
Let n be ((-228)/9)/(2/(-33)). Let a = 3549 + -3483. What is the highest common factor of n and a?
22
Let c(m) = m**2 + 7*m + 6. Let w be c(5). Let h = w - 23. Calculate the highest common divisor of h and 473.
43
Let u be (-8 + -235)*1/(-3). Suppose u = 5*o + 2*v, 0 = -0*o - o + v + 19. Calculate the highest common divisor of o and 34.
17
Let l(m) = -m**3 + 8*m**2 - 5*m - 9. Let x be l(7). Suppose 10 = 5*v, -s + 85 = 3*v - 76. Calculate the highest common divisor of s and x.
5
Suppose 5 = -y, -5 - 15 = -2*v - 4*y. Let p = 156 - 6. Suppose p = -i + 4*i. What is the greatest common divisor of i and v?
10
Let u(y) = 6*y**2 + 190*y - 56. Let j be u(-37). What is the highest common divisor of 24 and j?
24
Suppose -3*s - 6 = t + 4*t, t + 8 = -4*s. Suppose t*k - o = -2*k + 71, 4*o + 182 = 5*k. Calculate the greatest common factor of 17 and k.
17
Suppose -40 = -2*x + 8. Let f be 268 + (-4 - (-5 + 5)). Calculate the greatest common divisor of x and f.
24
Suppose 3*z = 2*p + 2*z - 712, 0 = 2*z. What is the greatest common factor of p and 4?
4
Let t = 117 - 121. Let f be 1/2 + t/(-48)*42. What is the highest common divisor of f and 20?
4
Let l = 24852 + -24312. Calculate the highest common divisor of 3708 and l.
36
Suppose 0 = 2*i - 4*m - 632, 19*m - 662 = -2*i + 13*m. Calculate the greatest common factor of i and 7889.
161
Let d(s) = 106*s - 76 - 37*s + 42. Let l be d(6). Suppose -280 = -4*f + l. Calculate the greatest common factor of 15 and f.
15
Let i(a) = -a**2 + 33*a + 34. Let x be i(34). Suppose 10*c - 1770 - 6840 = x. Calculate the greatest common factor of c and 21.
21
Let r(l) = 126*l + 648. Let x(c) = 16*c + 81. Let i(k) = 4*r(k) - 33*x(k). Let y be i(-